late 9 + 1 - (59 - 51 - (-4 + 1)).
-1
-14 - (13 + -26) - (-7 + -5 + 6)
5
What is the value of 12 + (24 - (-21 - -33) - (57 - 1))?
-32
Calculate (-71 - -63 - (4 + 4)) + 50.
34
What is the value of 19 - 1 - ((-23 - -7) + 36 + -37 + 19)?
16
Calculate 18 - (62 - (77 - 23)).
10
Calculate 1 - 1 - (69 + -101 + 46).
-14
41 + 1 + -30 + -1 + -33
-22
What is the value of -6 + -5 + (-51 - -7) - (8 + -12) - 5?
-56
What is 1 + -50 - ((6 - 6 - 7) + (4 - -5))?
-51
Evaluate -71 + 14 + 30 - (12 + -1).
-38
What is -59 + (-2 - -5) + (1327 - 1295)?
-24
Calculate (330 - 292) + (-78 - -1).
-39
What is the value of (17 - 4 - ((-17 + 54 - 2) + -11)) + -4?
-15
What is 18 - (6 + -3 + -10 - (-21 + 16 + 10))?
30
What is the value of -24 + (4 - 0) + (-50 - -57 - (2 + -4))?
-11
Calculate -2159 - -2234 - (0 + 53).
22
What is 0 - (-3 - 3) - (-1 + 2 + -19 + 21)?
3
What is the value of -162 + 190 + (-40 - 1)?
-13
Calculate (-26 - (15 + -26 + -3)) + 20.
8
Evaluate 1 - -1 - -7 - (-18 + (69 - 46) + -84).
88
Evaluate 31 + 64 - 71 - (3 - -90).
-69
5 + 15 + -16 + 7 + 30 + -1
40
Calculate (-66 - (26 + 40)) + -1 + -8 - -7.
-134
Evaluate (1 + (2 - 4) - -5) + (7 - 3 - 7).
1
Evaluate 103 - ((-6 - -21) + -23 + 0 - -21).
90
What is the value of (-15 - 1) + -309 + 244 - (20 + -39)?
-62
Evaluate -25 + (-10 - 5) + 101 + -7.
54
Calculate -7 - (31 + (-2 - -4 - -4)) - (-2 - -11).
-53
3002 + -2991 + (1 - (5 + -2)) - (-23 + 0)
32
Evaluate -20 + (54 - (59 + -31)) + 5 + 4 + 4.
19
What is the value of (-1 - -13 - (69 + -78 + 26)) + (4 - 1)?
-2
What is 2 + 55 + (-61 - (-22 - 25))?
43
181 + -182 - (34 + (-3 - -2)) - (2 - 9)
-27
-1 + (-42 - -44 - (-25 - -5))
21
Calculate 10 + -61 + 64 + 3 + -10 - (-78 + 2).
82
Calculate (-96 - -2) + (-42 - (152 - 189)).
-99
Calculate 15 + -2 + -151 + 79 + 20.
-39
What is 106 + -212 - -140 - -88?
122
Calculate 68 - 0 - (-12 + (-23 - 27 - -57)).
73
What is 8 - (12 - (-90 - -85 - (-2 - 45)))?
38
Calculate 1 + -36 + -15 + 37 + (-1 - -1).
-13
(-3 - -28) + (-112 - 32 - 14) - -8
-125
68 - (-24 + 73) - -16
35
Evaluate 98 + (-139 - 13) + 118.
64
Evaluate (17 - 8) + (29 - (35 + -17 + -18)).
38
What is the value of (99 - 154) + 151 + (-35 - 2)?
59
2 + -4 + 1 + -62 + (288 - 273)
-48
What is 40 - 33 - (6 - (2 + -9)) - 104?
-110
(-96 - (146 - 148)) + 3 + -13
-104
Evaluate (54 - 97) + -17 - -26.
-34
Calculate 21 + -30 + (-3 - (0 + 13)) - 12.
-37
What is -10 + 56 + 49 + -42?
53
What is the value of -20 - (-53 + 40 + -8)?
1
Evaluate -270 + (-14 - -200) - (-1 + 0 - -6).
-89
What is 54 - (12 - (9 - 81))?
-30
Evaluate 77 + 1 - (6679 - 6624).
23
Evaluate 23 + -65 + 17 + 9.
-16
What is the value of 5 + (-11 - (-25 - -12)) + (-12 - (6 - 11))?
0
What is -2 + (17 - 23 - ((13 - 128) + 16))?
91
Calculate (-555 - -542) + (1 - -35) + -13 - -44.
54
What is the value of 97 - -1 - (8662 + -8651)?
87
143 + 16 + -123 + 71
107
Evaluate (16 - (-30 - -42 - -29)) + 17.
-8
Evaluate (46 - (-3 + -46)) + -35.
60
What is 27 - (33 + (-48 - -29))?
13
What is the value of (3 - (-10 - (-165 - 3))) + -89 + 99?
-145
What is the value of -14 + 76 - (-2 - -30)?
34
What is (1 + 74 - -3) + -73 + 70 + 15?
90
What is 235 + (-84 - -18 - 51)?
118
81 - (-13 + 29 - -41)
24
What is (3 + -4 - -23) + (16 - (-1 - 23 - -47))?
15
Evaluate 0 - 63 - (-447 - -406).
-22
Evaluate 2 + -2 + (-10 - -11) + 31 + 9 + -1.
40
What is the value of -18 + (32 - -14 - 66)?
-38
What is (-1 - 7 - 0) + (52 - -13)?
57
Calculate 54 - (4 - (14 - 4) - -1) - (5 + -3).
57
54 - (-19 + 154 - 57)
-24
Calculate 30 + (12 - (15 + (-38 - -32))).
33
What is (20 - (33 - (14 + 2))) + -12 - 27?
-36
121 + -186 - (26 + -37)
-54
What is the value of (-19 - -14) + -16 + (9 - 16)?
-28
What is -58 + 86 + 20 + -19?
29
What is 156 - -14 - (445 - 362)?
87
Calculate -1 + 103 + -201 + 87.
-12
Evaluate 21 - 0 - (-76 - (-32 - 15)).
50
What is the value of -13 + (-19 - -3 - -2) + 7 - -15?
-5
Calculate 2224 + -2257 + 1 + 3.
-29
Evaluate (1 - 1) + -3 + (251 - 281) + (1 - -12).
-20
(-42 - 2) + 1147 + -1049 - (-11 - (-4 + 2))
63
What is the value of (117 - 34 - 38) + (-11 - (-3 - -2))?
35
Evaluate (1 + 0 - 0) + -1 + 29 + 0.
29
Evaluate 99 - (64 + 70 + -92).
57
Calculate -19 + (-17 - -35) + -20.
-21
What is -122 + (14 - (-18 + 14) - -7) + (2 - -14)?
-81
What is (48 - 0) + (77 + -66 - (-9 + 2) - 6)?
60
What is the value of -6 - (5 - (8 + -11 + -3 + (47 - 18)))?
12
Calculate -41 + 63 - (3 + (-16 - -10) + 5).
20
Calculate -49 + 78 - (11 - (-54 - -3)).
-33
What is -9 - (-76 + (-1 - -74))?
-6
What is -2 + 4 + (11 - -1 - -9) + 1 + -8?
16
What is the value of 8 + -93 + 137 + 19?
71
Calculate 1 - 37 - ((84 - 41) + -35).
-44
Evaluate (-4 - 20) + (-133 - -99) + -64.
-122
(31 - (-22 + (35 - 27))) + (0 - -8)
53
What is -6 + 0 + (-20 - -33) + (-19 - 3)?
-15
95 - (-2 + (-1 + 23 - (41 - (56 - 27))))
87
What is (-26 - 13 - -17) + 26 - (-3 - (0 + 2))?
9
What is (2386 - 2439) + 27 + 0?
-26
What is the value of -26 + (-34 + 68 - 2) + -25?
-19
What is 4 - -3 - (85 - 78 - (42 - 0))?
42
What is the value of -2 + -1 - -2 - (1442 + -1430)?
-13
What is 8 - (-77 + 28) - (15 + -1)?
43
What is the value of (-12 - (15 + -14)) + 22 - (4 + -2 - 1)?
8
Calculate 22 - 95 - (1 - (-13 - -3 - -12)).
-72
Calculate -54 + -2 - (-875 - -860).
-41
Calculate -98 - (41 - (102 - 29)).
-66
Calculate 3 + -7 - (3 + (17 - (-19 + 2))).
-41
What is the value of -13 - (-8 + (-20 - (-8 - 11)) + 2 + -5)?
-1
-4 - (-11 - 8 - (-21 + 15)) - (61 + 9)
-61
Calculate 0 - -66 - (25 + 2 + (-15 - 10)).
64
Calculate -52 - 1 - ((81 - 120) + 43 + 1).
-58
Evaluate -157 - -108 - -51 - 10.
-8
46 - ((35 - -40) + -13) - (52 + -1)
-67
What is the value of 15 - ((-7 - -19) + -1 + 22)?
-18
Evaluate -58 + 4 + -34 - (-9 + (-1 - (3 + -6))).
-81
Evaluate -4 + 1 - (-193 - -216).
-26
Evaluate -156 - (-311 + 154) - (0 + 6 - (-2 - -2)).
-5
What is the value of 4 - 2 - (-55 - 0 - -71 - 4)?
-10
Calculate (293 - 89) + -46 + -46.
112
(1 + 0 - -55) + 16 + -14 + -280 + 276
54
What is the value of (-144 - -92) + (1 - (5 + -3 + 1))?
-54
6 + 0 + (46 - 79)
-27
What is 4 - (9 + (1 - 7)) - (-368 - -422)?
-53
-93 - (87 + -156) - -45
21
30 + (-16 - 11) + -91
-88
What is 8 + (1 - 4) - (-2 + 1 + (209 - 148))?
-55
What is the value of (-30 - (-34 + -30 + 44)) + -8?
-18
Evaluate (1 - -3) + (-102 + 84 - (-11 - -3)).
-6
Evaluate 14 - ((-4 - (5 + -7) - -50) + (90 - 104)).
-20
What is -67 + (-104 - -199) + (1 - 21)?
8
What is the value of 35 + -6 + 2 + ((-35 - -18) + 24 - 9)?
29
What is (3 - (-89 - -1)) + 22 + -65 + 54?
102
1 + 64 + (-149 - 108 - -256)
64
What is (5 - (2 + 8) - 34) + (-7 - 0 - -2)?
-44
What is (-36 - -25) + 0 + -1 + -17 - -5?
-24
What is the value of (48 - 123) + 22 - -22?
-31
Calculate -7 + 41 + (-60 - -62).
36
What is the value of 35 - (-391 + 390 + (-1 - -2))?
35
Calculate -94 + -6 + -427 + 503.
-24
Evaluate (22 - (28 - 9 - -2)) + -24.
-23
What is the value of 17 - -5 - ((-43 - -61) + 4)?
0
Calculate -27 + (-22 + 64 - 30) - 107.
-122
What is the value of 33 + 6 - (319 + -284)?
4
What is the value of -25 - (137 + -60 - 33)?
-69
62 + 15 + -34 + (-1 - 2 - -3)
43
What is 60 + -19 + -42 - 35?
-36
(546 - 594) + -2 + 21
-29
-5 - ((6 - 8 - 3) + -14 - -15)
-1
Calculate 7 + -72 - (-37 - -8 - -27 - (5 + 1)).
-57
What is 12 + (-12 + 9 - 5) + -9 - -28?
23
13 - ((-79 - -16) + 35)
41
-2 - (-80 - -58 - -83)
-63
What is the value of 6 + -10 + (476 - 450)?
22
-215 + 121 - -105 - (-1 + 0 + -67)
79
Calculate 9 - ((65 - 82) + 28 - (1 + 2 - -1)).
2
What is the value of (9 + -39 - -24) + -4 + -1 + -3?
-14
Evaluate -16 + (63 - 38) + -76 + 0 + 4.
-63
What is the value of (-25 - -92) + (-5 - -5) + 20?
87
What is the value of 12 - (58 - ((-8 - (-18 + 14)) + 1 + 1))?
-48
What is the value of 151 - 12 - ((-15 - -34) + 17)?
103
-7 - ((-17 - (5 + 27)) + -2)
44
What is the value of 46 + -34 + -30 - (96 + -3)?
-111
What is -157 + 105 - (-1 + (-5 - -22) - 6)?
-62
10 - (-36 + 53) - 15
-22
Calculate 0 + -3 - (11 + 9 + -18 - -44).
-49
Calculate 22 + -13 + -2 + 7 + (-59 - -23).
-22
Calculate 34 + (-2 - 8) + (24 - (19 + -8)).
37
-2 + -2 - ((45 - 68) + 29) - -18
8
(-4 - -57) + 19 + -18 + 7
61
Evaluate -3835 + 3913 + 0 + -117.
-39
What is -17 + -24 + -237 + 254?
-24
Calculate (22 - 28) + (-12 - -6) + -7 + 8 + -51.
-62
Evaluate 118 + -38 - -5 - 32.
53
Evaluate 21 + (-1 - -59 - (667 - 652)).
64
Evaluate -16 + (